{"id":515,"date":"2024-12-03T19:30:02","date_gmt":"2024-12-03T22:30:02","guid":{"rendered":"https:\/\/parcer.fourwindsagencia.com.br\/?page_id=515"},"modified":"2024-12-03T19:44:54","modified_gmt":"2024-12-03T22:44:54","slug":"teste","status":"publish","type":"page","link":"https:\/\/parcer.fourwindsagencia.com.br\/index.php\/teste\/","title":{"rendered":"teste"},"content":{"rendered":"\t\t<div data-elementor-type=\"wp-page\" data-elementor-id=\"515\" class=\"elementor elementor-515\" data-elementor-settings=\"{&quot;ha_cmc_init_switcher&quot;:&quot;no&quot;}\" data-elementor-post-type=\"page\">\n\t\t\t\t<div class=\"elementor-element elementor-element-fbb1902 e-flex e-con-boxed e-con e-parent\" data-id=\"fbb1902\" data-element_type=\"container\" data-settings=\"{&quot;_ha_eqh_enable&quot;:false}\">\n\t\t\t\t\t<div class=\"e-con-inner\">\n\t\t\t\t<div class=\"elementor-element elementor-element-3e13872 elementor-widget elementor-widget-html\" data-id=\"3e13872\" data-element_type=\"widget\" data-widget_type=\"html.default\">\n\t\t\t\t<div class=\"elementor-widget-container\">\n\t\t\t<!DOCTYPE html>\r\n<html lang=\"en\">\r\n<head>\r\n    <meta charset=\"UTF-8\">\r\n    <meta name=\"viewport\" content=\"width=device-width, initial-scale=1.0\">\r\n    <title>Services Table<\/title>\r\n    <script src=\"https:\/\/cdn.tailwindcss.com\"><\/script>\r\n    <link rel=\"stylesheet\" href=\"https:\/\/cdnjs.cloudflare.com\/ajax\/libs\/font-awesome\/5.15.3\/css\/all.min.css\">\r\n    <link href=\"https:\/\/fonts.googleapis.com\/css2?family=Poppins:wght@400;500;600;700&display=swap\" rel=\"stylesheet\">\r\n    <style>\r\n        body {\r\n            font-family: 'Poppins', sans-serif;\r\n        }\r\n        .bg-teal-900 {\r\n            background-color: #234e52;\r\n        }\r\n        .text-white {\r\n            color: #ffffff;\r\n        }\r\n        .text-blue-400 {\r\n            color: #76acc1;\r\n        }\r\n        .bg-gray-100 {\r\n            background-color: #f4f4f1;\r\n        }\r\n        .border {\r\n            border: 1px solid #e2e8f0;\r\n        }\r\n        .no-hover:hover {\r\n            background-color: #234e52 !important;\r\n        }\r\n        .bg-teal-900:hover {\r\n            background-color: #234e52 !important;\r\n        }\r\n        .table-header, .table-cell {\r\n            padding: 12px 16px;\r\n            font-size: 14px;\r\n            white-space: nowrap;\r\n        }\r\n        .table-header {\r\n            font-weight: 600;\r\n            text-align: center;\r\n        }\r\n        .table-cell {\r\n            font-weight: 400;\r\n        }\r\n        .w-[35%] {\r\n            width: 35%; \/* Aumenta ainda mais a largura da parte verde *\/\r\n        }\r\n        .fa-check-circle {\r\n            font-size: 1.5rem; \/* Increase the size of the icons *\/\r\n        }\r\n        .flex-center {\r\n            display: flex;\r\n            align-items: center;\r\n            justify-content: center;\r\n        }\r\n        .adjusted-cell {\r\n            padding-right: 32px; \/* Adjust this value to move the text to the right *\/\r\n        }\r\n        .overflow-x-auto {\r\n            overflow-x: auto;\r\n        }\r\n        .min-w-full {\r\n            min-width: 800px; \/* Ensure the table is wide enough to scroll *\/\r\n        }\r\n    <\/style>\r\n<\/head>\r\n<body class=\"bg-gray-100\">\r\n    <div class=\"container mx-auto p-4\">\r\n        <div class=\"overflow-x-auto\">\r\n            <div class=\"min-w-full bg-white border border-gray-200\">\r\n                <div class=\"flex bg-teal-900 text-white\">\r\n                    <div class=\"table-header border-b w-[35%]\">SERVI\u00c7OS<\/div>\r\n                    <div class=\"table-header border-b w-[21.667%]\">GEST\u00c3O<\/div>\r\n                    <div class=\"table-header border-b w-[21.667%]\">GEST\u00c3O E C\u00c1LCULO<\/div>\r\n                    <div class=\"table-header border-b w-[21.667%]\">GEST\u00c3O E VENDAS<\/div>\r\n                <\/div>\r\n                <div class=\"flex\">\r\n                    <div class=\"table-cell border-b bg-teal-900 text-white w-[37%] no-hover adjusted-cell\">Acesso \u00e0s 65 seguradoras\/operadoras<\/div>\r\n                    <div class=\"table-cell border-b text-center w-[21.667%] flex-center\"><i class=\"fas fa-check-circle text-blue-400\"><\/i><\/div>\r\n                    <div class=\"table-cell border-b text-center w-[21.667%] flex-center\"><i class=\"fas fa-check-circle text-blue-400\"><\/i><\/div>\r\n                    <div class=\"table-cell border-b text-center w-[21.667%] bg-gray-100 flex-center\"><i class=\"fas fa-check-circle text-blue-400\"><\/i><\/div>\r\n                <\/div>\r\n                <div class=\"flex\">\r\n                    <div class=\"table-cell border-b bg-teal-900 text-white w-[35%] no-hover\">Apoio comercial<\/div>\r\n                    <div class=\"table-cell border-b text-center w-[21.667%] flex-center\"><i class=\"fas fa-check-circle text-blue-400\"><\/i><\/div>\r\n                    <div class=\"table-cell border-b text-center w-[21.667%] flex-center\"><i class=\"fas fa-check-circle text-blue-400\"><\/i><\/div>\r\n                    <div class=\"table-cell border-b text-center w-[21.667%] bg-gray-100 flex-center\"><i class=\"fas fa-check-circle text-blue-400\"><\/i><\/div>\r\n                <\/div>\r\n                <div class=\"flex\">\r\n                    <div class=\"table-cell border-b bg-teal-900 text-white w-[35%] no-hover\">Acompanhamento de propostas<\/div>\r\n                    <div class=\"table-cell border-b text-center w-[21.667%] flex-center\"><i class=\"fas fa-check-circle text-blue-400\"><\/i><\/div>\r\n                    <div class=\"table-cell border-b text-center w-[21.667%] flex-center\"><i class=\"fas fa-check-circle text-blue-400\"><\/i><\/div>\r\n                    <div class=\"table-cell border-b text-center w-[21.667%] bg-gray-100 flex-center\"><i class=\"fas fa-check-circle text-blue-400\"><\/i><\/div>\r\n                <\/div>\r\n                <div class=\"flex\">\r\n                    <div class=\"table-cell border-b bg-teal-900 text-white w-[35%] no-hover\">Acompanhamento de inadimpl\u00eancia<\/div>\r\n                    <div class=\"table-cell border-b text-center w-[21.667%] flex-center\"><i class=\"fas fa-check-circle text-blue-400\"><\/i><\/div>\r\n                    <div class=\"table-cell border-b text-center w-[21.667%] flex-center\"><i class=\"fas fa-check-circle text-blue-400\"><\/i><\/div>\r\n                    <div class=\"table-cell border-b text-center w-[21.667%] bg-gray-100 flex-center\"><i class=\"fas fa-check-circle text-blue-400\"><\/i><\/div>\r\n                <\/div>\r\n                <div class=\"flex\">\r\n                    <div class=\"table-cell border-b bg-teal-900 text-white w-[35%] no-hover\">Acompanhamento de sinistro<\/div>\r\n                    <div class=\"table-cell border-b text-center w-[21.667%] flex-center\"><i class=\"fas fa-check-circle text-blue-400\"><\/i><\/div>\r\n                    <div class=\"table-cell border-b text-center w-[21.667%] flex-center\"><i class=\"fas fa-check-circle text-blue-400\"><\/i><\/div>\r\n                    <div class=\"table-cell border-b text-center w-[21.667%] bg-gray-100 flex-center\"><i class=\"fas fa-check-circle text-blue-400\"><\/i><\/div>\r\n                <\/div>\r\n                <div class=\"flex\">\r\n                    <div class=\"table-cell border-b bg-teal-900 text-white w-[35%] no-hover\">Central de c\u00e1lculo<\/div>\r\n                    <div class=\"table-cell border-b text-center w-[21.667%] flex-center\">\u2014<\/div>\r\n                    <div class=\"table-cell border-b text-center w-[21.667%] flex-center\"><i class=\"fas fa-check-circle text-blue-400\"><\/i><\/div>\r\n                    <div class=\"table-cell border-b text-center w-[21.667%] bg-gray-100 flex-center\"><i class=\"fas fa-check-circle text-blue-400\"><\/i><\/div>\r\n                <\/div>\r\n                <div class=\"flex\">\r\n                    <div class=\"table-cell border-b bg-teal-900 text-white w-[35%] no-hover\">Consultor de vendas exclusivo<\/div>\r\n                    <div class=\"table-cell border-b text-center w-[21.667%] flex-center\">\u2014<\/div>\r\n                    <div class=\"table-cell border-b text-center w-[21.667%] flex-center\">\u2014<\/div>\r\n                    <div class=\"table-cell border-b text-center w-[21.667%] bg-gray-100 flex-center\"><i class=\"fas fa-check-circle text-blue-400\"><\/i><\/div>\r\n                <\/div>\r\n                <div class=\"flex\">\r\n                    <div class=\"table-cell border-b bg-teal-900 text-white w-[35%] no-hover\">Central dedicada e exclusiva<\/div>\r\n                    <div class=\"table-cell border-b text-center w-[21.667%] flex-center\">\u2014<\/div>\r\n                    <div class=\"table-cell border-b text-center w-[21.667%] flex-center\">\u2014<\/div>\r\n                    <div class=\"table-cell border-b text-center w-[21.667%] bg-gray-100 flex-center\"><i class=\"fas fa-check-circle text-blue-400\"><\/i><\/div>\r\n                <\/div>\r\n            <\/div>\r\n        <\/div>\r\n    <\/div>\r\n<\/body>\r\n<\/html>\r\n\t\t<\/div>\n\t\t\t\t<\/div>\n\t\t\t\t\t<\/div>\n\t\t\t\t<\/div>\n\t\t\t\t<\/div>\n\t\t","protected":false},"excerpt":{"rendered":"<p>Services Table SERVI\u00c7OS GEST\u00c3O GEST\u00c3O E C\u00c1LCULO GEST\u00c3O E VENDAS Acesso \u00e0s 65 seguradoras\/operadoras Apoio comercial Acompanhamento de propostas Acompanhamento de inadimpl\u00eancia Acompanhamento de sinistro Central de c\u00e1lculo \u2014 Consultor de vendas exclusivo \u2014 \u2014 Central dedicada e exclusiva \u2014 \u2014<\/p>\n","protected":false},"author":1,"featured_media":0,"parent":0,"menu_order":0,"comment_status":"closed","ping_status":"closed","template":"elementor_canvas","meta":{"inline_featured_image":false,"footnotes":""},"_links":{"self":[{"href":"https:\/\/parcer.fourwindsagencia.com.br\/index.php\/wp-json\/wp\/v2\/pages\/515"}],"collection":[{"href":"https:\/\/parcer.fourwindsagencia.com.br\/index.php\/wp-json\/wp\/v2\/pages"}],"about":[{"href":"https:\/\/parcer.fourwindsagencia.com.br\/index.php\/wp-json\/wp\/v2\/types\/page"}],"author":[{"embeddable":true,"href":"https:\/\/parcer.fourwindsagencia.com.br\/index.php\/wp-json\/wp\/v2\/users\/1"}],"replies":[{"embeddable":true,"href":"https:\/\/parcer.fourwindsagencia.com.br\/index.php\/wp-json\/wp\/v2\/comments?post=515"}],"version-history":[{"count":26,"href":"https:\/\/parcer.fourwindsagencia.com.br\/index.php\/wp-json\/wp\/v2\/pages\/515\/revisions"}],"predecessor-version":[{"id":547,"href":"https:\/\/parcer.fourwindsagencia.com.br\/index.php\/wp-json\/wp\/v2\/pages\/515\/revisions\/547"}],"wp:attachment":[{"href":"https:\/\/parcer.fourwindsagencia.com.br\/index.php\/wp-json\/wp\/v2\/media?parent=515"}],"curies":[{"name":"wp","href":"https:\/\/api.w.org\/{rel}","templated":true}]}}